5*d - 298 = -3*m, 4*m - 288 = 3*d + 119. What are the prime factors of m?
101
Let f be 2*-1 - (-5 + 3). Let c = f + 50. Suppose -3*h = -9, 0 = 2*l + h - c + 15. List the prime factors of l.
2
Let h = -25 + 28. Let j(n) = 2*n**2 + 8*n - 4. Let a be j(-6). Suppose h*p + p = a. What are the prime factors of p?
5
Let v(w) = -2 + 1 + 49*w - 84*w. List the prime factors of v(-4).
139
Let c(f) = -f - 10. Let a be c(-10). Let v be (a + -2)*123/(-6). Suppose 5*d = 2*y + 133, -d - 2*y = -v + 12. What are the prime factors of d?
3
Let g be 23/(-1*(-2)/(-4)). Let m = 77 + g. What are the prime factors of m?
31
Let y(t) = 3*t**2 + 4*t + 11. Let z(j) = -5*j - 31. Let u be z(-5). List the prime factors of y(u).
5, 19
Let u = -136 + 109. Let r = 206 + u. What are the prime factors of r?
179
List the prime factors of ((-133)/(-28))/(1/676).
13, 19
Let o(v) = 57*v + 38. Let x be o(-10). Let h = -269 - x. What are the prime factors of h?
263
Let l(v) = -17*v**2 + 38*v**2 - 20*v**2 + 158. List the prime factors of l(0).
2, 79
Suppose 3*v + 4*w - 31 = 0, -10 - 6 = -4*w. Suppose -v*p = -2*y + 149 + 133, -3*y - 2*p + 423 = 0. What are the prime factors of y?
3, 47
Suppose 23*v = 25*v - 322. What are the prime factors of v?
7, 23
Suppose -108*y = -122*y + 12110. What are the prime factors of y?
5, 173
Let i = -270 + 520. Suppose 76 = -2*s + i. Suppose 0*l = 3*v - 3*l - s, 0 = -4*l + 12. What are the prime factors of v?
2
Suppose -2*g - 8*y + 4822 = -6*y, 4825 = 2*g - y. List the prime factors of g.
2, 3, 67
Let h be ((-35)/(-14))/(2/52). What are the prime factors of 4/(-32) + h/8?
2
Let y be 38*(6 - 0) + 1. Suppose -y = -4*p - 61. List the prime factors of p.
2, 3, 7
Suppose -2*w = w - 30. Let q be 0/(2/w*5). Suppose -6*l + 4*b + 140 = -l, -5*l + 3*b + 140 = q. What are the prime factors of l?
2, 7
Let w(x) = x**3 - 3*x**2 + x - 2. Let d be w(3). List the prime factors of 3 - (d - 82 - -4).
2, 5
Let r(v) = -v**3 - 12*v**2 + 14*v + 16. Suppose -2*d + 2*u - 5 = 31, 2*d - 4*u + 46 = 0. Let w be r(d). Suppose -2*n + w*n = 39. List the prime factors of n.
3, 13
Suppose 4*o - o = -18. Let q(z) = 2*z**2 + 8*z + 1. Let b be q(o). Let y = -3 + b. List the prime factors of y.
2, 11
What are the prime factors of (30/(-25))/(6/(-5260))?
2, 263
What are the prime factors of (-4)/12 + (-353245)/(-129)?
2, 37
Let b = -31 + 27. Let m be (-4 - b)*1/(-2). Suppose m = 7*r - 2*r - 3*o - 342, -5*o - 271 = -4*r. List the prime factors of r.
3, 23
Suppose 25 = 5*m, 6*w - 3*w - 2*m = 2852. Suppose -5*k = 4*k - w. List the prime factors of k.
2, 53
Suppose -a + 5*a - 668 = 0. Suppose -610 = -5*b + 5*x, 3*b - 203 = 5*x + a. What are the prime factors of b?
2, 3, 5
Let f(r) = 0*r - 6*r + 3 - 22 + r**2 + r. What are the prime factors of f(-7)?
5, 13
Suppose 2*f - 2*h - 231 = 3*h, h = 2*f - 227. What are the prime factors of f?
113
Let d(w) be the first derivative of 3*w**4/4 + w**3/3 - w**2/2 - w + 12. List the prime factors of d(3).
2, 43
Let p(s) = -48*s - 48. Let x(a) = -7*a - 7. Let j(c) = 4*p(c) - 27*x(c). Let d be j(-2). What are the prime factors of d/(-6) + 14/4?
3
Suppose d + 11 - 2 = 2*z, 12 = 3*z. List the prime factors of (-928)/(-5) + 6/15 + d.
5, 37
Let c(z) = -13*z**3 + 4*z**2 - 4*z + 109. Let w(x) = -5*x - 9*x**3 + 2*x**2 + 2*x + 73 + x**2. Let o(p) = 5*c(p) - 7*w(p). What are the prime factors of o(0)?
2, 17
Let g = 313 - 205. What are the prime factors of g?
2, 3
Suppose 964 = 5*a - 11. Suppose 0 = -f + 5*y + 39, 0*f = 5*f + y - a. What are the prime factors of f?
3, 13
Suppose -7 = 4*j - 3*b, -b - 2 = 2*j - 11. Suppose 0 = 3*n + 2*r - 38, -5*r - 18 - 1 = -j*n. What are the prime factors of n?
2, 3
Let k = -15 + 32. Let u = 12 + k. What are the prime factors of u?
29
Let o(h) = 82*h**2 - 4*h - 7. List the prime factors of o(-5).
2063
Suppose 0 = m - 2*q + 11, 4*m = -m - q - 22. Let i = m - -3. List the prime factors of (96/30)/(i/(-10)).
2
Let i be 0*2/(2 + -4). Let g(o) = 2*o**3 - 28*o**2 + 27*o - 13. Let h be g(13). Suppose i*y + 2*y - 84 = h. What are the prime factors of y?
2, 3, 7
Let q(d) = d**3 + 5*d**2 + 3*d - 3. Let x be q(-3). Let t(c) = -c**3 + 6*c**2 - c + 7. Let g be t(x). Let r(l) = 32*l**2 + 1. List the prime factors of r(g).
3, 11
Let c(s) = s**3 + 30*s**2 - 102*s - 7. List the prime factors of c(-33).
2, 23
Suppose 0 = -m - 2*t + 433, m = 3*t + t + 427. What are the prime factors of m?
431
Let m(j) = -j**3 - 4*j**2 + 2*j - 4. Let u(b) = -b + 5. Let a be u(10). List the prime factors of m(a).
11
Suppose 2 = 2*x - 6. Suppose -u + f = -75, -x*u + 3*u + 2*f + 72 = 0. What are the prime factors of u?
2, 3, 13
Let l = 7 + 21. Let d = l + -2. Suppose 2 - d = -k. List the prime factors of k.
2, 3
Suppose -307 = -6*j - 103. List the prime factors of j/3*(-45)/(-6).
5, 17
Let h(d) = 11*d - 4. Let f be (-3 + 3 - -3) + -2. Suppose 2*c - 3 = f. List the prime factors of h(c).
2, 3
Suppose -2*f + 10 = -8. Suppose -4*b - 2*s + 26 = 0, 0 = s + 2*s - f. Let w(g) = g**3 - 3*g**2 + 6. What are the prime factors of w(b)?
2, 7
Let i(d) = -5*d + 33. Let t = -10 - -7. Let y(n) = -4*n + 32. Let j(z) = t*i(z) + 4*y(z). List the prime factors of j(0).
29
Suppose 12*s + 139 + 185 = 0. Let j(b) = -b + 1. Let m be j(2). Let v = m - s. List the prime factors of v.
2, 13
Let f(n) = n + 16. Let a be f(0). Let i = 36 - a. List the prime factors of 7*i*2/28.
2, 5
Let f(h) = 6*h**3 + 2*h**2 - 9*h - 5. Let z be f(4). Suppose -7*s = -2*s - z. List the prime factors of s.
3, 5
Suppose 14*d = 2*s + 10*d - 2204, 2*s = -2*d + 2180. List the prime factors of s.
2, 547
Suppose -4*f + 2135 + 3597 = 0. List the prime factors of f.
1433
Let h be ((-1)/(-1))/((-2)/(-82)). Suppose 5*y = h + 4. Let s(b) = -b**3 + 10*b**2 - 6*b + 2. List the prime factors of s(y).
29
Suppose -3*g - 2*i + 3706 = 0, g - 9*i = -6*i + 1228. What are the prime factors of g?
2, 617
Let o(r) = 3*r**2 - 15*r + 286. What are the prime factors of o(16)?
2, 11, 37
Let q(l) = -l**3 + 8*l**2 - 7*l + 3. Let x be q(7). Suppose -639 = -5*f - 2*r, -22 = -2*f + x*r + 245. What are the prime factors of f?
3, 43
Suppose -13*x + 14*x = 3. Suppose -4*f = -5*c - 1 - 16, 0 = 4*f - x*c - 7. What are the prime factors of (-5 - -6)/(f/(-94))?
47
Suppose 9*o - 15 = 4*o. Suppose 0 = -5*m + o*p + 28 + 14, -3*m - p = -28. What are the prime factors of 876/32 + m/(-24)?
3
Let h = 5359 + -2851. List the prime factors of h.
2, 3, 11, 19
Suppose 5*z = 2769 - 909. What are the prime factors of z?
2, 3, 31
Let u = -205 + 385. List the prime factors of u.
2, 3, 5
Suppose -1209 = -y - n, 2*n - 6073 = -5*y + 4*n. List the prime factors of y.
1213
Suppose 4*i - 4935 = -3*r + 4971, 2*i - 4952 = -2*r. List the prime factors of i.
2, 3, 7, 59
Let u = 2010 - 1247. List the prime factors of u.
7, 109
Suppose -4*y + 6007 + 5117 = 0. What are the prime factors of y?
3, 103
Let k(g) = -g**3 - 9*g**2 - 3*g - 21. Let w be k(-9). Suppose -t + 0*t = -i + 186, -w = -3*t. List the prime factors of i.
2, 47
Let o be (0/(-2) - -2)/2. Suppose 3*r + 470 - 461 = 0. List the prime factors of o + (r - (-30 - -1)).
3
Suppose 7*n = 2*n + 3050. Let j be (-1)/2 - n/(-4). Suppose -2*m = -2*v + 72, v = -3*v + 2*m + j. List the prime factors of v.
2, 5
Let q(v) = 2*v**2 + 5*v - 11. Let w be 4*((-45)/10 + 3). What are the prime factors of q(w)?
31
Suppose 53*o + 4*o = 37449. What are the prime factors of o?
3, 73
Let a(b) = b**3 + 6*b**2 + 6*b + 5. Let m be a(-5). Suppose -4 = -w - m. Suppose -18 + w = -2*s. What are the prime factors of s?
7
Suppose 5877 = 2*y - 5*h, -1571 = 4*y + h - 13336. List the prime factors of y.
17, 173
Suppose 0 = -18*o + 3708 + 21906. What are the prime factors of o?
1423
Let i be 25/(-4 - (-1 - 4)). Let b = 114 - i. List the prime factors of b.
89
What are the prime factors of (-1428)/(-1 - 0/7)?
2, 3, 7, 17
Let a be 6/(-6)*14/2. Let k = -3 - a. List the prime factors of k.
2
Let y be (-8)/52 - (-24)/(-13). What are the prime factors of ((-3)/(-9))/(y/(-48))?
2
Let z be (90/27)/(2/3). Let u be (-5)/10*-52*1. Let y = u - z. List the prime factors of y.
3, 7
Suppose -22*p + 23*p = -5*g + 17, 2 = -g. Let c = 1 - 1. Let w = p + c. List the prime factors of w.
3
Suppose 5*d = -3*q + 5*q + 10, 0 = 4*q + d - 2. Suppose q*w + 2*w = -2*x + 42, -3*x + 4*w = -98. List th